{"id":163,"date":"2014-06-30T12:48:38","date_gmt":"2014-06-30T10:48:38","guid":{"rendered":"http:\/\/wirth-landmaschinen.ch\/?page_id=163"},"modified":"2014-06-30T22:09:16","modified_gmt":"2014-06-30T20:09:16","slug":"geschichte","status":"publish","type":"page","link":"http:\/\/wirth-landmaschinen.ch\/?page_id=163","title":{"rendered":"Geschichte"},"content":{"rendered":"<p>Hans Wirth wagte seine Selbstst\u00e4ndigkeit mit Reparaturen von Land- und Kommunalmaschinen zuerst in der Lempigenstrasse, Wasen in einem gemieteten Garagengeb\u00e4ude.<br \/>\nNach und nach kamen neue Bereiche wie das Erstellen von Quellwasserfassungen dazu.<br \/>\nMit der Zeit wurde das Geb\u00e4ude jedoch zu klein und so konnte Hans Wirth im Jahre 1988 die alte Ladwirtschaftliche Genossenschaft an der Bahnhofstrasse 30, in Wasen im Emmental, k\u00e4uflich erwerben.<br \/>\nMit viel Eigenleistung wurde das Geb\u00e4ude in eine Werkstatt mit Ausstellungsraum, sowie im 1. Stock und im Keller ein Ersatzteillager eingerichtet. 1989 war das Geb\u00e4ude bezugsbereit und so wurde alles vom Lempigen in die alte Landi gez\u00fcgelt.<br \/>\nHans Wirth t\u00fcftelte gerne, so machte er einen Pflug, mit welchem es m\u00f6glich ist, verschiedene Leitungen f\u00fcr ARA, Strom und Wasser einzupfl\u00fcgen. Dies wurde zu einem neuen Betriebszweig.<br \/>\n1990 kam Sohn Peter, welcher eine Ausbildung zum Landmaschinenmechaniker absolviert hatte, in den Betrieb. Somit konnte Hans sich vermehrt dem Einpfl\u00fcgen und Erstellen von Quellwasserfassungen widmen.<\/p>\n<p>Per 01.06.2006 \u00fcbergab Hans Wirth den Betrieb und die Gesch\u00e4ftsleitung an seinen Sohn Peter. Unter dem neuen Namen, Wirth Landmaschinen wird der Betrieb seither weiter gef\u00fchrt.<\/p>\n<p>Leider machte sich im Herbst 2009 eine schlimme Krankheit bei Hans Wirth bemerkbar. Trotz seinem Kampf gegen den Krebs ist er am 09. April 2011 verstorben. Wir gedenken Hans in Liebe und Dankbarkeit.<\/p>\n<p><a href=\"http:\/\/wirth-landmaschinen.ch\/wp-content\/uploads\/2014\/06\/Hans-Wirth-1024x7681.jpg\" data-rel=\"lightbox-image-0\" data-rl_title=\"\" data-rl_caption=\"\" title=\"\"><img loading=\"lazy\" decoding=\"async\" class=\"alignnone size-medium wp-image-236\" src=\"http:\/\/wirth-landmaschinen.ch\/wp-content\/uploads\/2014\/06\/Hans-Wirth-1024x7681-300x225.jpg\" alt=\"Hans-Wirth-1024x768\" width=\"300\" height=\"225\" srcset=\"http:\/\/wirth-landmaschinen.ch\/wp-content\/uploads\/2014\/06\/Hans-Wirth-1024x7681-300x225.jpg 300w, http:\/\/wirth-landmaschinen.ch\/wp-content\/uploads\/2014\/06\/Hans-Wirth-1024x7681.jpg 1024w\" sizes=\"auto, (max-width: 300px) 100vw, 300px\" \/><\/a><\/p>\n<p>&nbsp;<\/p>\n","protected":false},"excerpt":{"rendered":"<p>Hans Wirth wagte seine Selbstst\u00e4ndigkeit mit Reparaturen von Land- und Kommunalmaschinen zuerst in der Lempigenstrasse, Wasen in einem gemieteten Garagengeb\u00e4ude. Nach und nach kamen neue Bereiche wie das Erstellen von Quellwasserfassungen dazu. Mit der Zeit wurde das Geb\u00e4ude jedoch zu klein und so konnte Hans Wirth im Jahre 1988 die alte Ladwirtschaftliche Genossenschaft an der [&hellip;]<\/p>\n","protected":false},"author":2,"featured_media":0,"parent":76,"menu_order":0,"comment_status":"closed","ping_status":"open","template":"","meta":{"footnotes":""},"class_list":["post-163","page","type-page","status-publish","hentry"],"_links":{"self":[{"href":"http:\/\/wirth-landmaschinen.ch\/index.php?rest_route=\/wp\/v2\/pages\/163","targetHints":{"allow":["GET"]}}],"collection":[{"href":"http:\/\/wirth-landmaschinen.ch\/index.php?rest_route=\/wp\/v2\/pages"}],"about":[{"href":"http:\/\/wirth-landmaschinen.ch\/index.php?rest_route=\/wp\/v2\/types\/page"}],"author":[{"embeddable":true,"href":"http:\/\/wirth-landmaschinen.ch\/index.php?rest_route=\/wp\/v2\/users\/2"}],"replies":[{"embeddable":true,"href":"http:\/\/wirth-landmaschinen.ch\/index.php?rest_route=%2Fwp%2Fv2%2Fcomments&post=163"}],"version-history":[{"count":9,"href":"http:\/\/wirth-landmaschinen.ch\/index.php?rest_route=\/wp\/v2\/pages\/163\/revisions"}],"predecessor-version":[{"id":238,"href":"http:\/\/wirth-landmaschinen.ch\/index.php?rest_route=\/wp\/v2\/pages\/163\/revisions\/238"}],"up":[{"embeddable":true,"href":"http:\/\/wirth-landmaschinen.ch\/index.php?rest_route=\/wp\/v2\/pages\/76"}],"wp:attachment":[{"href":"http:\/\/wirth-landmaschinen.ch\/index.php?rest_route=%2Fwp%2Fv2%2Fmedia&parent=163"}],"curies":[{"name":"wp","href":"https:\/\/api.w.org\/{rel}","templated":true}]}}

<p>Hans Wirth wagte seine Selbstständigkeit mit Reparaturen von Land- und Kommunalmaschinen zuerst in der Lempigenstrasse, Wasen in einem gemieteten Garagengebäude.<br />
Nach und nach kamen neue Bereiche wie das Erstellen von Quellwasserfassungen dazu.<br />
Mit der Zeit wurde das Gebäude jedoch zu klein und so konnte Hans Wirth im Jahre 1988 die alte Ladwirtschaftliche Genossenschaft an der Bahnhofstrasse 30, in Wasen im Emmental, käuflich erwerben.<br />
Mit viel Eigenleistung wurde das Gebäude in eine Werkstatt mit Ausstellungsraum, sowie im 1. Stock und im Keller ein Ersatzteillager eingerichtet. 1989 war das Gebäude bezugsbereit und so wurde alles vom Lempigen in die alte Landi gezügelt.<br />
Hans Wirth tüftelte gerne, so machte er einen Pflug, mit welchem es möglich ist, verschiedene Leitungen für ARA, Strom und Wasser einzupflügen. Dies wurde zu einem neuen Betriebszweig.<br />
1990 kam Sohn Peter, welcher eine Ausbildung zum Landmaschinenmechaniker absolviert hatte, in den Betrieb. Somit konnte Hans sich vermehrt dem Einpflügen und Erstellen von Quellwasserfassungen widmen.</p>
<p>Per 01.06.2006 übergab Hans Wirth den Betrieb und die Geschäftsleitung an seinen Sohn Peter. Unter dem neuen Namen, Wirth Landmaschinen wird der Betrieb seither weiter geführt.</p>
<p>Leider machte sich im Herbst 2009 eine schlimme Krankheit bei Hans Wirth bemerkbar. Trotz seinem Kampf gegen den Krebs ist er am 09. April 2011 verstorben. Wir gedenken Hans in Liebe und Dankbarkeit.</p>
<p><a href="http://wirth-landmaschinen.ch/wp-content/uploads/2014/06/Hans-Wirth-1024x7681.jpg" data-rel="lightbox-image-0" data-rl_title="" data-rl_caption="" title=""><img loading="lazy" decoding="async" class="alignnone size-medium wp-image-236" src="http://wirth-landmaschinen.ch/wp-content/uploads/2014/06/Hans-Wirth-1024x7681-300x225.jpg" alt="Hans-Wirth-1024x768" width="300" height="225" srcset="http://wirth-landmaschinen.ch/wp-content/uploads/2014/06/Hans-Wirth-1024x7681-300x225.jpg 300w, http://wirth-landmaschinen.ch/wp-content/uploads/2014/06/Hans-Wirth-1024x7681.jpg 1024w" sizes="auto, (max-width: 300px) 100vw, 300px" /></a></p>
<p>&nbsp;</p>

<p>Hans Wirth wagte seine Selbstständigkeit mit Reparaturen von Land- und Kommunalmaschinen zuerst in der Lempigenstrasse, Wasen in einem gemieteten Garagengebäude. Nach und nach kamen neue Bereiche wie das Erstellen von Quellwasserfassungen dazu. Mit der Zeit wurde das Gebäude jedoch zu klein und so konnte Hans Wirth im Jahre 1988 die alte Ladwirtschaftliche Genossenschaft an der [&hellip;]</p>
